e
Is 27785 composite?
True
Is 12761 composite?
True
Is 221785 a prime number?
False
Is 1865987 a prime number?
True
Is 26861 a prime number?
True
Is 137203 a prime number?
False
Is 187823 composite?
False
Is 187 a prime number?
False
Is 6617023 prime?
False
Is 229151 a composite number?
True
Is 4391 a composite number?
False
Is 28463 a composite number?
False
Is 152369 a prime number?
False
Is 691 a composite number?
False
Is 2203 a composite number?
False
Is 168551 composite?
True
Is 19283 a prime number?
False
Is 113327 a prime number?
True
Is 474839 a composite number?
False
Is 1597267 a prime number?
False
Is 300013 composite?
True
Is 7793 a composite number?
False
Is 618929 composite?
False
Is 152959 a composite number?
False
Is 781 composite?
True
Is 100043 composite?
False
Is 115657 composite?
False
Is 107269 a composite number?
False
Is 19451 composite?
True
Is 8923 a prime number?
True
Is 167513 a composite number?
True
Is 707177 composite?
False
Is 4821 composite?
True
Is 46007 a prime number?
False
Is 124919 composite?
False
Is 88969 prime?
True
Is 3261 prime?
False
Is 28947 a composite number?
True
Is 5968203 a composite number?
True
Is 492007 composite?
False
Is 144277 composite?
True
Is 1213 composite?
False
Is 298993 composite?
False
Is 53243 prime?
False
Is 28697 a prime number?
True
Is 51 a prime number?
False
Is 30631 prime?
True
Is 602362 a composite number?
True
Is 2395 composite?
True
Is 8223 a composite number?
True
Is 252709 a prime number?
True
Is 88493 composite?
False
Is 611293 a composite number?
False
Is 355961 a composite number?
True
Is 801809 composite?
False
Is 9937 composite?
True
Is 41549 prime?
True
Is 31601 a composite number?
False
Is 335 composite?
True
Is 6911 composite?
False
Is 8353 prime?
True
Is 122651 a composite number?
False
Is 36397 composite?
True
Is 24199 composite?
True
Is 449921 prime?
True
Is 4031 prime?
False
Is 26557 composite?
False
Is 27361 a composite number?
False
Is 1651621 prime?
True
Is 556837 a prime number?
False
Is 44041 prime?
True
Is 378269 composite?
False
Is 323273 composite?
False
Is 20611 prime?
True
Is 359069 a composite number?
False
Is 6009 prime?
False
Is 251891 prime?
False
Is 58537 a composite number?
False
Is 78707 a composite number?
False
Is 251 composite?
False
Is 1934 a composite number?
True
Is 42879 a composite number?
True
Is 6047 prime?
True
Is 44755 prime?
False
Is 819179 a composite number?
True
Is 100591 a prime number?
True
Is 751423 composite?
False
Is 1243 a prime number?
False
Is 29819 prime?
True
Is 3079 a prime number?
True
Is 6805 composite?
True
Is 444379 prime?
False
Is 1513 prime?
False
Is 50021 a prime number?
True
Is 206945 composite?
True
Is 62273 composite?
False
Is 551 a prime number?
False
Is 3593 prime?
True
Is 26131 prime?
False
Is 210727 a prime number?
False
Is 16811 a composite number?
False
Is 21221 prime?
True
Is 2201761 composite?
False
Is 133153 composite?
False
Is 830065 composite?
True
Is 8977 prime?
False
Is 1901 a prime number?
True
Is 23447 prime?
True
Is 1267073 a prime number?
False
Is 80737 a prime number?
True
Is 24611 composite?
False
Is 4857 a prime number?
False
Is 3761 composite?
False
Is 564593 prime?
True
Is 347647 composite?
True
Is 14813 a composite number?
False
Is 1817209 a prime number?
False
Is 2237 prime?
True
Is 17431 a composite number?
False
Is 31618 a composite number?
True
Is 31022 a prime number?
False
Is 21943 composite?
False
Is 36401 a composite number?
True
Is 12611 composite?
False
Is 84011 a composite number?
False
Is 38557 composite?
False
Is 10831 a composite number?
False
Is 44723 a prime number?
False
Is 1448813 a composite number?
True
Is 419 a composite number?
False
Is 120737 prime?
True
Is 16078 composite?
True
Is 22373 prime?
False
Is 359411 prime?
False
Is 44873 a composite number?
True
Is 22769 a prime number?
True
Is 15439 a composite number?
False
Is 13385 prime?
False
Is 199681 prime?
False
Is 22469 composite?
False
Is 1169383 composite?
False
Is 25523 a composite number?
False
Is 19517 composite?
True
Is 83051 composite?
True
Is 213386 a prime number?
False
Is 319985 prime?
False
Is 7343 prime?
False
Is 4105 a composite number?
True
Is 673 composite?
False
Is 1657 a composite number?
False
Is 647249 composite?
True
Is 8209 composite?
False
Is 10102 prime?
False
Is 23077 a composite number?
True
Is 46885 composite?
True
Is 10583 prime?
False
Is 12949 prime?
False
Is 2142677 a prime number?
True
Is 32629 composite?
True
Is 118343 composite?
False
Is 17231 prime?
True
Is 659 composite?
False
Is 7753 composite?
False
Is 149 a composite number?
False
Is 5167 a composite number?
False
Is 56587 a prime number?
False
Is 189757 composite?
False
Is 64049 composite?
True
Is 2053 a prime number?
True
Is 240613 a composite number?
True
Is 30307 a composite number?
False
Is 13799 a prime number?
True
Is 262 a prime number?
False
Is 623743 composite?
False
Is 9409 a prime number?
False
Is 8209 a prime number?
True
Is 229987 composite?
True
Is 1759 composite?
False
Is 3967 a composite number?
False
Is 33661 composite?
True
Is 62247 a prime number?
False
Is 5143 composite?
True
Is 2329 composite?
True
Is 1177 composite?
True
Is 677291 prime?
False
Is 548819 prime?
False
Is 11213 a composite number?
False
Is 373 composite?
False
Is 1137029 a prime number?
True
Is 36493 a composite number?
False
Is 93523 prime?
True
Is 131729 composite?
True
Is 2323 prime?
False
Is 28343 composite?
True
Is 1510087 composite?
False
Is 8997 prime?
False
Is 187003 prime?
True
Is 25601 composite?
False
Is 21077 a prime number?
False
Is 58661 a composite number?
False
Is 10709 prime?
True
Is 2657 a composite number?
False
Is 9259 a prime number?
False
Is 117497 composite?
False
Is 67307 a prime number?
True
Is 1394083 a composite number?
False
Is 3043 composite?
True
Is 166169 a prime number?
True
Is 10513 prime?
True
Is 228902 composite?
True
Is 592723 a composite number?
False
Is 408851 a composite number?
True
Is 520906 a prime number?
False
Is 113179 a prime number?
False
Is 2845 prime?
False
Is 5461 prime?
False
Is 16105 a prime number?
False
Is 3466 prime?
False
Is 776029 prime?
True
Is 14057 composite?
False
Is 75821 a prime number?
True
Is 1089771 a composite number?
True
Is 365323 prime?
False
Is 246757 composite?
True
Is 5818 composite?
True
Is 97201 prime?
False
Is 152897 composite?
False
Is 2993 composite?
True
Is 59003 a prime number?
False
Is 41879 a composite number?
False
Is 138277 a composite number?
True
Is 50977 a prime number?
False
Is 50333 a composite number?
False
Is 1548961 composite?
False
Is 3637 a prime number?
True
Is 68351 a prime number?
True
Is 1402 prime?
False
Is 819691 prime?
True
Is 2103509 composite?
True
Is 162623 a prime number?
True
Is 25097 prime?
True
Is 38089 composite?
True
Is 15591 composite?
True
Is 11549 a composite number?
False
Is 341305 composite?
True
Is 12053 a prime number?
False
Is 133051 a prime number?
True
Is 213463 composite?
True
Is 5557 a composite number?
False
Is 178021 a composite number?
False
Is 78643 a composite number?
False
Is 20219 a prime number?
True
Is 504661 a composite number?
False
Is 430403 a composite number?
True
Is 21977 composite?
False
Is 103349 a composite number?
False
Is 2722 prime?
False
Is 116131 a prime number?
True
Is 151717 composite?
False
Is 27299 composite?
False
Is 24369 a composite number?
True
Is 22709 a composite number?
False
Is 238613 a composite number?
True
Is 4391 composite?
False
Is 276027 a prime number?
False
Is 18899 a prime number?
True
Is 55507 prime?
False
Is 282301 prime?
False
Is 44309 a composite number?
True
Is 30505 a prime number?
False
Is 488811 a composite number?
True
Is 17345 a composite number?
True
Is 8287 composite?
False
Is 207619 composite?
False
Is 9151 composite?
False
Is 14349 a prime number?
False
Is 6773 a composite number?
True
Is 20701 composite?
True
Is 2515237 a prime number?
True
Is 51599 a composite number?
False
Is 10301 a composite number?
False
Is 28879 composite?
False
Is 4315 prime?
False
Is 1645327 prime?
True
Is 18227 prime?
False
Is 721261 prime?
True
Is 98203 a composite number?
True
Is 3571 composite?
False
Is 5317269 a prime number?
False
Is 145391 prime?
True
Is 53211 a composi